(o) = -o - 2. Let j = 294 - 194. Let h = j + -107. Calculate w(h).
5
Let u(f) = -f**3 - 1. Let x be u(-1). Suppose 4*j + 12 = x, 0 = 2*l + j - 1 + 6. Let y(v) be the third derivative of -v**4/8 - 7*v**2. Give y(l).
3
Suppose 0 = -34*a + 29*a + 5. Let z = a - -7. Let q(s) = -s**3 + 8*s**2 - s - 7. Calculate q(z).
-15
Let p(h) = 46*h + 13*h + 1 - 34*h. Give p(1).
26
Let m(t) be the second derivative of -t**4/12 + t**2 - 623*t. What is m(0)?
2
Let j(o) = -14*o**2 - 9*o + 5. Let v(s) = -5*s**2 - 3*s + 2. Let p(m) = -4*j(m) + 11*v(m). Suppose 2*y - 2 = y. Suppose y*x = x - 2. Calculate p(x).
0
Let h be (4/(-7))/(144/(-63) + 2). Let j(z) = 6*z + 3. Let x(t) = -3*t - 3 - 2 + 3. Let u(q) = -4*j(q) - 7*x(q). Calculate u(h).
-4
Let b(c) = c**2 + 15*c + 18. Let k be b(-15). Let j = k + -16. Let x(g) be the first derivative of -g**3 + 2*g**2 - 3*g - 1. Determine x(j).
-7
Suppose -2*o + 3*o - 2 = 0. Let k(f) = -f - 3. Let g be k(-5). Suppose -g*x = 4*w - 4, 3*x + 2*w = 8 - o. Let u(y) = y**3 - 3*y + 1. Determine u(x).
3
Let h(c) = -3*c + 3. Let f be 36/63 + 124/28. What is h(f)?
-12
Let u(x) be the third derivative of x**4/3 + x**3/3 + x**2 - 231*x. Calculate u(-4).
-30
Suppose -28 = -4*g - 10*g. Let i(k) = 89*k + 5*k**g - 89*k. Calculate i(1).
5
Let v(k) be the first derivative of -19 + 1/3*k**3 - 5/2*k**2 + 0*k. Calculate v(4).
-4
Let g(m) = m**3 - m - 1. Let u be (5 + -1)*(-10)/40. Calculate g(u).
-1
Suppose -7*g + 24 = -11*g. Let j = 16 - 10. Let x(u) = -9*u - u**3 + 2*u**3 - 3 + 5*u**2 - j. Calculate x(g).
9
Let f be (-8)/3*(-6)/(-4) + 11. Suppose -35 = 5*o - 4*m, 2*o + f = o + 4*m. Let q(n) = -n**2 - 5*n + 2. Calculate q(o).
-12
Let f(h) = -h**2 - 2*h + 1. Suppose -5*m - 18 = m. Calculate f(m).
-2
Let x(g) be the second derivative of 1/2*g**2 - 1/3*g**3 + 0 - 21*g. What is x(4)?
-7
Let p(t) = 7*t - 12. Let k be p(6). Let u = k + -29. Let z(v) = 2*v**2 - 1. Give z(u).
1
Let x = -27 + 27. Suppose -5*j - 17 - 3 = x. Let n(o) be the first derivative of o**4/4 + 4*o**3/3 - 2*o**2 - 3*o + 1. Give n(j).
13
Let j(y) = -y**3 - 6*y**2 - 2. Let d be ((-8)/(-3))/((-14)/21). Let n be 3 + (19 - d/1). Let v = 20 - n. Give j(v).
-2
Let z = 18 - 12. Let g(f) = 2*f + 3. Determine g(z).
15
Let j(f) = 3*f**3 - 2*f**2 + f + 7. Let s(z) = 3*z**3 - 2*z**2 + 5. Let p(c) = -2*j(c) + 3*s(c). What is p(2)?
13
Let v(t) = 3*t**2 - t - 7. Let b(c) = 2*c**2 - 5. Let h(p) = 5*b(p) - 3*v(p). What is h(3)?
14
Let o(g) be the second derivative of g**5/20 + 5*g**4/12 - 5*g**3/6 + g**2/2 + 2*g. Let a = 21 - 1. Suppose -2*j - 2 = -3*j, 4*r + 2*j = -a. Calculate o(r).
-5
Suppose -l - 3*u = -63 - 13, 2*l - u = 117. Suppose -l = 4*x + 15. Let k = -12 - x. Let i(c) = c**3 - 8*c**2 + 8*c - 6. Give i(k).
1
Suppose 1 + 11 = 3*f. Let a be ((-1)/(-1))/(f/(-32)). Let t(i) be the first derivative of i**3/3 + 4*i**2 + i - 1. Determine t(a).
1
Suppose -w = -6*w - 20. Let z(y) = 2*y. Determine z(w).
-8
Let b(s) = 4*s + 3 + 1 + 3 - 10. Calculate b(-11).
-47
Let c(j) = -3*j**3 + 21*j**2 + 19*j + 54. Let m(n) = 2*n**3 - 14*n**2 - 13*n - 34. Let i(u) = -5*c(u) - 8*m(u). Calculate i(8).
10
Let c(h) = h**3 + 2*h**2 - 2*h + 1. Suppose -3*q = -9*q - 18. Let r be c(q). Let s(v) = -v**2 - 2*v - 3. Calculate s(r).
-3
Let z(h) = -h**2 - 3*h + 6. Let o be z(-4). Let v(c) = o - 6 - 2 - c**2 - 6*c. Calculate v(-5).
-1
Let h(d) be the first derivative of d**4/4 - 1. Let t be h(1). Let i(l) = -13*l**2 + 1. What is i(t)?
-12
Let k(r) = r**2 - 39*r - 40. Let a be k(40). Let p(d) = d**3 - d**2 - 3*d + 1. Determine p(a).
1
Let w(j) = 14*j + 55. Let b be w(-4). Let d(y) = 13*y**3 - y - 1. What is d(b)?
-13
Let b(j) = -j**2 - 9*j + 2. Let z = 22 - 31. Let h be b(z). Let x(w) = h - 4*w - 6*w + 9*w. Determine x(2).
0
Let v be ((-6)/(-2))/(-8*(-6)/96). Let d(n) = n**3 - 4*n**2 - 7*n + 7. Give d(v).
37
Let r(h) = -9*h**2 + 82*h - 1. Let d(v) = -5*v**2 + 44*v - 1. Let u(j) = -11*d(j) + 6*r(j). Determine u(-2).
-7
Let d be (-78)/4 - (-2)/4. Let o = -17 - d. Let j(q) = -2 + q**3 + q + 3*q - q**o - 3*q. Determine j(2).
4
Let p(u) be the third derivative of u**5/15 - u**4/12 - u**3/6 - u**2. Let x be p(-1). Let q(b) = 2*b**2 + x*b**3 - 6*b**2 + 3*b**2 + 5*b**3. Give q(-1).
-11
Suppose 21 = 2*y + 6*g - g, 0 = -y - g + 3. Suppose 13 = -3*r + 19. Let s(d) = -r*d**3 - 11*d**2 + 5 + 8*d**2 - 3. What is s(y)?
6
Let m(t) be the first derivative of t**4/4 - 4*t**3/3 - 316. Suppose 2*l + 2*l - 12 = 0, -4*l = -5*w + 8. Give m(w).
0
Let v(s) = -s**2 - 6*s - 3. Let j be v(-2). Suppose -10 = -j*i + 5*u, -5*u + 20 = 5*i - 30. Let k(o) = -o**3 + 6*o**2 + 3*o - 1. Give k(i).
17
Let u(s) = 22 - 10*s**3 + 17*s**3 + 15*s - 14*s - 16*s**2 - 8*s**3. Give u(-16).
6
Let j(v) = 3*v - 2. Suppose -5*g + 5*i = -10, -g + i - 4*i = 6. Suppose g = -2*l + 6 + 6. Let w be 2 - (l + 1 + -3). What is j(w)?
-8
Let t(m) = -3*m - 14. Suppose -z = 16 - 10. Determine t(z).
4
Let r(w) = w + 12. Let q(y) = y + 11. Let g(b) = 4*q(b) - 5*r(b). Let d be g(-12). Let m(v) = 3 + 0*v - 3*v + 2*v. Determine m(d).
7
Let l(v) = -3*v**3 + 2*v**2 + v - 1. Let y be l(2). Let h = y - -19. Let d(u) = -u**3 - 1 - 4*u**3 + h*u**2 - 5*u**2 + 4*u**3. Calculate d(-1).
-1
Let g be 6*(1 + 0/(-1)). Let x(j) be the third derivative of 28*j**2 + 0 + 0*j - 1/24*j**4 - 1/3*j**3. What is x(g)?
-8
Let y(b) = -b**2 - 5*b + 2. Let p be (-14 - -3)/((-2)/(-4)). Let a = p + 44. Let d be a/(-33) - 26/6. Determine y(d).
2
Let s(y) = -12 + 3 - 3*y**2 + 4*y**2 - 2*y**2 + 0*y**2. What is s(0)?
-9
Let b(t) = t**3 - 7*t**2 - 2*t + 2. Suppose 0 = 3*p - 5*v - 41, -5*p + 2*v + 3*v + 55 = 0. Give b(p).
-12
Suppose 2 = l + 3. Let a(i) = -5*i - 1. Let o(b) = -21*b - 5. Let r(w) = 9*a(w) - 2*o(w). Give r(l).
4
Let s(a) = a**2 - a + 4. Let v = -428 - -431. Calculate s(v).
10
Let s = -32 - -35. Let z(c) = -c**3 + 3*c**2 + c + 3. Give z(s).
6
Let x(p) = 2*p. Let d be x(2). Let g = 6 - d. Let t(q) = q**2 + 6*q - 2 + 0 - g*q + 0*q**2. Determine t(-5).
3
Let l be (1/3)/(34/(-816)). Let f(m) = 3*m**2 - 13*m - 7. Let g(a) = -8*a**2 + 38*a + 20. Let t(i) = 11*f(i) + 4*g(i). Determine t(l).
-5
Let r(s) = 8*s**2 - s. Let q(w) = -28*w**2 + 4*w. Let c(b) = -q(b) - 3*r(b). Determine c(-1).
5
Let v = -11 - -20. Let f(s) = -s + 6*s - 2*s - s - v. Calculate f(6).
3
Let y = -140 - -142. Let w(a) = -9*a**2 + 5*a**2 + a + 21*a**y. Give w(1).
18
Let z(c) be the second derivative of c**5/20 + 5*c**4/12 - c**3/3 + 5*c**2/2 + 7*c. Let i be (-410)/41*(2/(-4) - -1). What is z(i)?
15
Let z(i) = i - 4. Let r(v) = -v + 4. Let w(t) = 4*r(t) + 5*z(t). Give w(7).
3
Let q(g) = g**2 + 6*g - 6. Let w(n) = n**2 + 5*n - 7. Let i(k) = 3*q(k) - 2*w(k). Calculate i(-4).
-20
Let m be ((-13)/5)/((-1)/5). Let s(v) = 3 - 5*v**2 + 7*v - m*v + 6*v + v**3. Give s(5).
3
Let p(t) = -4*t**2 - 10*t + 55. Let u(h) = -3*h**2 - 7*h + 37. Let i(c) = -5*p(c) + 7*u(c). Let x(n) be the first derivative of i(n). Determine x(-3).
7
Suppose 2*z + 7 = 2*i - 11, -5*i = -z - 1. Let v(k) = k**2 + 11*k + 3. Let a be v(z). Suppose a*u - 1 = -4*j + 18, -3*u - 1 = -j. Let g(h) = -8*h. What is g(u)?
-8
Let x = -585 - -580. Let c(d) be the third derivative of -d**5/60 - d**4/6 + 2*d**2. Determine c(x).
-5
Let a be 5 + (-1 - 52) + -2. Let h = a + 45. Let r(l) = l**3 + 6*l**2 + 4*l - 3. Calculate r(h).
2
Let b(p) = 13*p**3 + 3 - 5*p**3 - 7*p**3 + p + 2*p**2. Let r be b(-3). Let v(y) be the second derivative of -y**4/12 - 5*y**3/3 - 3*y**2/2 + 4*y. Give v(r).
6
Let d(a) = -a**2 - 5*a + 1. Let z(l) be the first derivative of -l**3/3 + 3*l**2 + 21*l + 5. Let w be z(9). Give d(w).
-5
Let h(z) = -6*z - 2. Let b be 2*(-4 - -2)/(5 + -1). Determine h(b).
4
Let h(v) = -v + 1. Let j(w) = -w**3 - 2*w + 5. Let p = 20 - 20. Let n be j(p). Calculate h(n).
-4
Let d = -8 - -15. Suppose 2*a - t - 5 = -7, 5*a + 6 = 3*t. Suppose a = 6*b - d*b + 2. Let q(z) = -z. Calculate q(b).
-2
Let a(s) = -9*s**2 + s + 1. Let f = 28 + -12. Let o = f + -11. Suppose -6*p + p = o. Determine a(p).
-9
Let a(i) = 12*i - 6 + i - 19*i. What is a(-5)?
24
Let v be 6/1*(-4)/6. Let n(p) = p**2 + p - 1. Let r(h) = h**3 + h**2 - 2*h + 7. Let i be 47/(-47)*(-2)/(1*-2). Let c(f) = i*r(f) - 3*n(f). Determine c(v).
0
Let d(g) = 2*g - 6. Suppose -5*n - 40 = -150. Let x = 26 - n. Calculate d(x).
2
Suppose -5*f - 2*u = -38, -4*f + 31 = -2*u